{"id":470,"date":"2023-02-25T21:11:25","date_gmt":"2023-02-25T21:11:25","guid":{"rendered":"https:\/\/www.velkoprevorskypalac.eu\/?page_id=470"},"modified":"2024-04-18T14:16:21","modified_gmt":"2024-04-18T14:16:21","slug":"contacts","status":"publish","type":"page","link":"https:\/\/www.velkoprevorskypalac.eu\/?page_id=470&lang=en","title":{"rendered":"Contacts"},"content":{"rendered":"\n<p class=\"has-text-align-center\"><strong>Lenka Hellerov\u00e1, M.A.<\/strong><br>Sovereign Military Hospitaller Order<br>of St. John of Jerusalem of Rhodes and of Malta<br>Grand Priory Bohemia<br>Velkop\u0159evorsk\u00e9 n\u00e1m. 4<br>118 00 Praha 1 <br>Czech Republic<br><\/p>\n\n\n\n<p class=\"has-text-align-center\">gpb @ smom . cz<\/p>\n\n\n\n<p class=\"has-text-align-center\"><br>Cell: + 420 736 642 502<br>Tel: +420 257 530 824<\/p>\n\n\n\n<p class=\"has-text-align-center\"><a href=\"http:\/\/www.maltezskyrad.cz\" data-type=\"link\" data-id=\"www.maltezskyrad.cz\" target=\"_blank\" rel=\"noreferrer noopener\">www.maltezskyrad.cz<\/a><\/p>\n\n\n\n<p class=\"has-text-align-center\"><a href=\"http:\/\/www.orderofmalta.int\" target=\"_blank\" rel=\"noreferrer noopener\">www.orderofmalta.int<\/a><\/p>\n","protected":false},"excerpt":{"rendered":"<p>Lenka Hellerov\u00e1, M.A.Sovereign Military Hospitaller Orderof St. John of Jerusalem of Rhodes and of MaltaGrand Priory BohemiaVelkop\u0159evorsk\u00e9 n\u00e1m. 4118 00 Praha 1 Czech Republic gpb @ smom . cz Cell: + 420 736 642 502Tel: +420 257 530 824 www.maltezskyrad.cz www.orderofmalta.int<\/p>\n","protected":false},"author":1,"featured_media":0,"parent":0,"menu_order":0,"comment_status":"closed","ping_status":"open","template":"","meta":{"footnotes":""},"class_list":["post-470","page","type-page","status-publish","hentry"],"_links":{"self":[{"href":"https:\/\/www.velkoprevorskypalac.eu\/index.php?rest_route=\/wp\/v2\/pages\/470","targetHints":{"allow":["GET"]}}],"collection":[{"href":"https:\/\/www.velkoprevorskypalac.eu\/index.php?rest_route=\/wp\/v2\/pages"}],"about":[{"href":"https:\/\/www.velkoprevorskypalac.eu\/index.php?rest_route=\/wp\/v2\/types\/page"}],"author":[{"embeddable":true,"href":"https:\/\/www.velkoprevorskypalac.eu\/index.php?rest_route=\/wp\/v2\/users\/1"}],"replies":[{"embeddable":true,"href":"https:\/\/www.velkoprevorskypalac.eu\/index.php?rest_route=%2Fwp%2Fv2%2Fcomments&post=470"}],"version-history":[{"count":4,"href":"https:\/\/www.velkoprevorskypalac.eu\/index.php?rest_route=\/wp\/v2\/pages\/470\/revisions"}],"predecessor-version":[{"id":566,"href":"https:\/\/www.velkoprevorskypalac.eu\/index.php?rest_route=\/wp\/v2\/pages\/470\/revisions\/566"}],"wp:attachment":[{"href":"https:\/\/www.velkoprevorskypalac.eu\/index.php?rest_route=%2Fwp%2Fv2%2Fmedia&parent=470"}],"curies":[{"name":"wp","href":"https:\/\/api.w.org\/{rel}","templated":true}]}}