{"id":538,"date":"2023-03-04T00:20:26","date_gmt":"2023-03-04T00:20:26","guid":{"rendered":"https:\/\/www.velkoprevorskypalac.eu\/?page_id=538"},"modified":"2023-03-04T00:34:55","modified_gmt":"2023-03-04T00:34:55","slug":"download-for-event-organizers","status":"publish","type":"page","link":"https:\/\/www.velkoprevorskypalac.eu\/?page_id=538&lang=en","title":{"rendered":"Download &#8211; for event organizers"},"content":{"rendered":"\n<p><\/p>\n\n\n\n<p>01 &#8211; <a rel=\"noreferrer noopener\" href=\"http:\/\/www.velkoprevorskypalac.eu\/wp-content\/uploads\/2023\/03\/Zahrada_nakres.pdf\" target=\"_blank\">Layout of the garden<\/a> <br>         <a rel=\"noreferrer noopener\" href=\"http:\/\/www.velkoprevorskypalac.eu\/wp-content\/uploads\/2023\/03\/Zahrada_nakres.pdf\" target=\"_blank\">download here in pdf<\/a><\/p>\n\n\n\n<p>02 &#8211; <a rel=\"noreferrer noopener\" href=\"http:\/\/www.velkoprevorskypalac.eu\/wp-content\/uploads\/2023\/03\/Pudorys_prizemi.pdf\" target=\"_blank\">Floor plan &#8211; &#8222;salla terena&#8220; and &#8222;Coach Room&#8220; (&#8222;Turkish Saloon&#8220;)<\/a><br>          <a rel=\"noreferrer noopener\" href=\"http:\/\/www.velkoprevorskypalac.eu\/wp-content\/uploads\/2023\/03\/Pudorys_prizemi.pdf\" target=\"_blank\">download here in pdf<\/a><\/p>\n\n\n\n<p>03 &#8211; <a href=\"http:\/\/www.velkoprevorskypalac.eu\/wp-content\/uploads\/2023\/03\/Pudorys_1_patro.pdf\" target=\"_blank\" rel=\"noreferrer noopener\">Floor plan &#8211; first floor<\/a><br>          <a rel=\"noreferrer noopener\" href=\"http:\/\/www.velkoprevorskypalac.eu\/wp-content\/uploads\/2023\/03\/Pudorys_1_patro.pdf\" target=\"_blank\">download here in pdf <\/a><\/p>\n\n\n\n<p>04 &#8211; <a rel=\"noreferrer noopener\" href=\"http:\/\/www.velkoprevorskypalac.eu\/wp-content\/uploads\/2023\/03\/Pudorys-1_patro-cast.pdf\" target=\"_blank\">Floor plan &#8211; first floor &#8211; &#8222;Knights Hall&#8220; (&#8222;Grand Prior\u00b4s Hall&#8220;), <\/a><br>                                                        <a rel=\"noreferrer noopener\" href=\"http:\/\/www.velkoprevorskypalac.eu\/wp-content\/uploads\/2023\/03\/Pudorys-1_patro-cast.pdf\" target=\"_blank\">&#8222;Red Saloon&#8220; (&#8222;Pink Saloon&#8220;) a &#8222;Grand Prior\u00b4s Dining Room&#8220;<\/a><br>          <a href=\"http:\/\/www.velkoprevorskypalac.eu\/wp-content\/uploads\/2023\/03\/Pudorys-1_patro-cast.pdf\" target=\"_blank\" rel=\"noreferrer noopener\">download here in pdf<\/a><\/p>\n\n\n\n<p><br><br><\/p>\n\n\n\n<div class=\"wp-block-group\"><div class=\"wp-block-group__inner-container is-layout-constrained wp-block-group-is-layout-constrained\">\n<div class=\"wp-block-columns is-layout-flex wp-container-core-columns-is-layout-9d6595d7 wp-block-columns-is-layout-flex\">\n<div class=\"wp-block-column is-layout-flow wp-block-column-is-layout-flow\" style=\"flex-basis:100%\">\n<div class=\"wp-block-responsive-lightbox-gallery\"><div class=\"rl-gallery-container rl-loading\" id=\"rl-gallery-container-1\" data-gallery_id=\"513\"> <div class=\"rl-gallery rl-basicgrid-gallery rl-hover-effect-3 rl-hover-icon-3\" id=\"rl-gallery-1\" data-gallery_no=\"1\"> <div class=\"rl-gallery-item\"><a href=\"https:\/\/www.velkoprevorskypalac.eu\/wp-content\/uploads\/2023\/03\/Garden.jpg\" title=\"\" data-rl_title=\"\" class=\"rl-gallery-link\" data-rl_caption=\"\" data-rel=\"lightbox-gallery-1\"><img loading=\"lazy\" decoding=\"async\" src=\"https:\/\/www.velkoprevorskypalac.eu\/wp-content\/uploads\/2023\/03\/Garden-150x150.jpg\" width=\"150\" height=\"150\" alt=\"\"\/><\/a><\/div><div class=\"rl-gallery-item\"><a href=\"https:\/\/www.velkoprevorskypalac.eu\/wp-content\/uploads\/2023\/03\/groundfloor-GPB.jpg\" title=\"\" data-rl_title=\"\" class=\"rl-gallery-link\" data-rl_caption=\"\" data-rel=\"lightbox-gallery-1\"><img loading=\"lazy\" decoding=\"async\" src=\"https:\/\/www.velkoprevorskypalac.eu\/wp-content\/uploads\/2023\/03\/groundfloor-GPB-150x150.jpg\" width=\"150\" height=\"150\" alt=\"\"\/><\/a><\/div><div class=\"rl-gallery-item\"><a href=\"https:\/\/www.velkoprevorskypalac.eu\/wp-content\/uploads\/2023\/03\/First-floor-plane.jpg\" title=\"\" data-rl_title=\"\" class=\"rl-gallery-link\" data-rl_caption=\"\" data-rel=\"lightbox-gallery-1\"><img loading=\"lazy\" decoding=\"async\" src=\"https:\/\/www.velkoprevorskypalac.eu\/wp-content\/uploads\/2023\/03\/First-floor-plane-150x150.jpg\" width=\"150\" height=\"150\" alt=\"\"\/><\/a><\/div><div class=\"rl-gallery-item\"><a href=\"https:\/\/www.velkoprevorskypalac.eu\/wp-content\/uploads\/2023\/03\/First-floor.jpg\" title=\"\" data-rl_title=\"\" class=\"rl-gallery-link\" data-rl_caption=\"\" data-rel=\"lightbox-gallery-1\"><img loading=\"lazy\" decoding=\"async\" src=\"https:\/\/www.velkoprevorskypalac.eu\/wp-content\/uploads\/2023\/03\/First-floor-150x150.jpg\" width=\"150\" height=\"150\" alt=\"\"\/><\/a><\/div> <\/div> <\/div><\/div>\n<\/div>\n<\/div>\n<\/div><\/div>\n\n\n\n<p><br><br><\/p>\n","protected":false},"excerpt":{"rendered":"<p>01 &#8211; Layout of the garden download here in pdf 02 &#8211; Floor plan &#8211; &#8222;salla terena&#8220; and &#8222;Coach Room&#8220; (&#8222;Turkish Saloon&#8220;) download here in pdf 03 &#8211; Floor plan &#8211; first floor download here in pdf 04 &#8211; Floor plan &#8211; first floor &#8211; &#8222;Knights Hall&#8220; (&#8222;Grand Prior\u00b4s Hall&#8220;), &#8222;Red Saloon&#8220; (&#8222;Pink Saloon&#8220;) a &hellip; <\/p>\n<p class=\"link-more\"><a href=\"https:\/\/www.velkoprevorskypalac.eu\/?page_id=538&#038;lang=en\" class=\"more-link\">Pokra\u010dovat ve \u010dten\u00ed<span class=\"screen-reader-text\"> &#8222;Download &#8211; for event organizers&#8220;<\/span><\/a><\/p>\n","protected":false},"author":1,"featured_media":0,"parent":0,"menu_order":0,"comment_status":"closed","ping_status":"closed","template":"","meta":{"footnotes":""},"class_list":["post-538","page","type-page","status-publish","hentry"],"_links":{"self":[{"href":"https:\/\/www.velkoprevorskypalac.eu\/index.php?rest_route=\/wp\/v2\/pages\/538","targetHints":{"allow":["GET"]}}],"collection":[{"href":"https:\/\/www.velkoprevorskypalac.eu\/index.php?rest_route=\/wp\/v2\/pages"}],"about":[{"href":"https:\/\/www.velkoprevorskypalac.eu\/index.php?rest_route=\/wp\/v2\/types\/page"}],"author":[{"embeddable":true,"href":"https:\/\/www.velkoprevorskypalac.eu\/index.php?rest_route=\/wp\/v2\/users\/1"}],"replies":[{"embeddable":true,"href":"https:\/\/www.velkoprevorskypalac.eu\/index.php?rest_route=%2Fwp%2Fv2%2Fcomments&post=538"}],"version-history":[{"count":2,"href":"https:\/\/www.velkoprevorskypalac.eu\/index.php?rest_route=\/wp\/v2\/pages\/538\/revisions"}],"predecessor-version":[{"id":542,"href":"https:\/\/www.velkoprevorskypalac.eu\/index.php?rest_route=\/wp\/v2\/pages\/538\/revisions\/542"}],"wp:attachment":[{"href":"https:\/\/www.velkoprevorskypalac.eu\/index.php?rest_route=%2Fwp%2Fv2%2Fmedia&parent=538"}],"curies":[{"name":"wp","href":"https:\/\/api.w.org\/{rel}","templated":true}]}}